x) = 2*x**2 + 15*x + 7. Let i be z(-7). Is 8360/20 - (-1 - i) a composite number?
False
Let u(c) = 41*c**3 - 5*c**2 + 20*c - 49. Is u(3) prime?
False
Let z = 23 - 11. Suppose -2*i + z = -56. Is i a composite number?
True
Suppose -51*l + 5144 = -49*l. Let y = 4455 - l. Is y a prime number?
False
Let t(j) = -j + 9. Suppose 18 + 27 = 5*q. Let b be t(q). Suppose b = -3*k - 18 + 123. Is k a composite number?
True
Let x(v) = 753*v + 187. Is x(2) a prime number?
True
Let y be (-2 - -4)*-1 + 4. Let u(m) be the second derivative of 65*m**3/2 - 4*m**2 + 4*m. Is u(y) composite?
True
Suppose 0*t + t + 4 = 0, -2*h = -2*t - 5920. Suppose -v - 3*v = -h. Is v a prime number?
True
Suppose 5*j + 12 = 5*s + 3*j, 5*j - 36 = -4*s. Suppose -3*g + 2*g - 5*z + 327 = 0, s*g + 3*z - 1223 = 0. Is g a composite number?
True
Let q be 1/2 - 3189/6. Let m = q - -768. Is m a composite number?
True
Suppose 2*r + 1915 = o, -5*o + 69*r + 9603 = 66*r. Is o prime?
False
Suppose 11 + 1 = 6*r. Suppose 4*u + r = 6. Let w(k) = 23*k. Is w(u) composite?
False
Let l = 1473 + -1166. Is l a composite number?
False
Let r be (0 - 5)*((-1786)/10 - -3). Suppose -q - q + r = 0. Is q a composite number?
False
Let n(c) = -7*c - 73. Let p be 3 - 19 - (-2 + (-6)/(-1)). Is n(p) a composite number?
False
Let r = 68 - 80. Is 8/r - 1/3 - -1650 prime?
False
Suppose -w + 5*s - 77 = 0, s + 66 = -w + 19. Let h = 99 + w. Is h a composite number?
False
Let y be (3 + -8)*12/(-30). Suppose 2*q + y*q - z - 452 = 0, z + 113 = q. Is q composite?
False
Let o(v) = v**2 + 11*v - 4. Let b be o(-9). Let d be b/8 + (-3)/12. Is (-746)/d*9/6 a composite number?
False
Suppose 5*s = -2*m - 0*m + 15, -m - 5 = 0. Suppose -s*y = -445 - 475. Let p = 311 - y. Is p prime?
True
Suppose 2*m = -v + 7847 - 2547, -4*m + 10614 = -5*v. Is m a prime number?
False
Let p = -17 - -22. Suppose 3*i + 46 = d, -p*i = 3*d - 8*d + 250. Let j = d - -31. Is j a prime number?
True
Suppose -4*d - 4 - 8 = 0. Is (3 - (-3)/d) + 140 prime?
False
Let g be (-24)/36 - (-1714)/6 - -2. Let d = 772 - g. Is d a composite number?
True
Let o = -56 + 52. Let z(f) = -67*f - 2. Let w(q) = 22*q + 1. Let r(s) = -7*w(s) - 2*z(s). Is r(o) a prime number?
False
Suppose 4*u - 3*r - 16 = -r, 0 = -5*r + 20. Suppose -f = -5*b + 15, 2*b + u = 3*f - 1. Suppose 4*w + 0*p - b*p = 96, w - 4*p - 27 = 0. Is w a composite number?
False
Suppose 0 = -c + 3 + 4. Suppose 3*l = 2*g + 10, c*l - 2*l - 5*g - 20 = 0. Suppose 3*v = n + 146, -3*n + l = -n. Is v a composite number?
True
Suppose 0 = -6*u + u + 10. Let h(a) = -a**3 - 20*a**2 - 36*a + 5. Let m be h(-18). Suppose 876 = 3*d - 3*g, -2*d - u*g = -m*g - 583. Is d a prime number?
True
Suppose 3*q + 15 = 15. Suppose -6*k + 14*k - 12472 = q. Is k a composite number?
False
Is 1712 - (46/50 - (-12)/150) composite?
True
Suppose 0 = 2*t - 50 + 28. Let c be t + 99 - 1*4. Suppose -y = y - c. Is y a prime number?
True
Suppose 4269807 = 79*p + 279754. Is p prime?
False
Let m be 24/10*50/4. Suppose -k + m = 1. Suppose -4*l = 4*o - 140, -3*o = 2*l - k - 72. Is o composite?
False
Suppose -1609 = -4*x + t, -x - t - 406 = -2*x. Suppose -x = -v + 3*b + 491, -2*v = 3*b - 1775. Is v a prime number?
False
Suppose -11*l + 6*l - 5295 = 0. Let b = l + 323. Let o = -329 - b. Is o a prime number?
False
Suppose -2*u + 5*v = -1 - 29, 0 = 3*u - 5*v - 35. Suppose 5*y + 4*n + 20 = 0, 0 = -2*y + y + u*n + 25. Suppose y = -k + 4*k - 345. Is k a prime number?
False
Let y(z) = 56*z + 47. Let t(s) = 19*s + 16. Let j(q) = -8*t(q) + 3*y(q). Suppose 2*o = o + 9. Is j(o) composite?
False
Suppose -h + 13080 = 3*x - 1408, 0 = -h - 5*x + 14494. Is h a composite number?
False
Suppose -9*k + 4063 = -7124. Is k prime?
False
Suppose 2*f + 2*l = -2*f + 6, -4*f - 5*l - 9 = 0. Suppose f*q - 6 = 6. Suppose -q*o + 436 + 791 = 0. Is o a composite number?
False
Suppose 12*r + 16 = 256. Is (-4 - r/(-6))/((-6)/1413) a composite number?
False
Is (96262*-1 + 0)*(-36)/72 a composite number?
False
Let x be (-60)/8*(-6)/(-9). Let b be (4 - 2)*x/(-2). Suppose 2395 = b*y - 5*r, -4*y + 1916 = -5*r + 3*r. Is y a prime number?
True
Let l = 129 + -124. Let p = 1 + l. Is p a prime number?
False
Suppose 3*u + 4 = 4*u. Suppose u*z = 2*z - 4*q + 4, 14 = -2*z + 2*q. Let h(x) = -6*x + 2. Is h(z) a prime number?
False
Let q(i) = -i**3 - 3*i**2 - 4*i - 4. Let l be q(-2). Suppose l = -0*j + j - 33. Is j composite?
True
Let b(t) = 5114*t**3 + 5*t**2 - 12*t + 5. Is b(2) a composite number?
True
Suppose 6*v - 70759 = 78995. Is v a composite number?
True
Suppose -4*s + 3*v + 11 = -3, 0 = s - v - 3. Suppose -s*g + 404 = -1661. Is g prime?
False
Is (-2)/(-25) + (-1680161)/(-175) a composite number?
False
Let f be 0 + -140 + (3 - 1). Suppose -3*j - 941 = -4*l, -6*l - 3*j = -2*l - 923. Let n = f + l. Is n a prime number?
False
Suppose 3*u = -3*a + 9, -2*a - 2*u = u - 7. Suppose -a*r = 269 + 369. Is 1/(-1)*r + 0 composite?
True
Let p(q) = q**3 - q**2 + 9. Let h be p(5). Let x = -676 - -970. Let n = x + h. Is n a prime number?
False
Is (-1)/(5/((-38980)/4)) a composite number?
False
Is (5223 - 5)*10/4 prime?
False
Let v(n) = 969*n + 2. Let b = 26 - 25. Is v(b) a composite number?
False
Suppose -7*q + 11 = -6*q. Let n(c) = q*c - 6 - 8*c - 8*c. Is n(-5) a composite number?
False
Let q(k) = 22*k**3 - 4*k**2 - 3. Is q(5) prime?
True
Let d = 29 + -17. Let n(y) = y**2 - 13*y + 15. Let q be n(d). Suppose -q*g + 0*j + 250 = 4*j, -4*g + 3*j = -350. Is g prime?
False
Let t = -30 - -21. Let j be ((-2)/(-6) - 0)*(8 - -4). Is 74 + j/((-12)/t) a composite number?
True
Is 6212 + -2 - (-4 - -5)*-1 composite?
False
Let j(a) = 8*a**2 - a - 4. Let y be j(-2). Let z = y - 31. Is (2 - -54) + z + 4 a composite number?
False
Let u be (-8)/3*(-5 - -11). Let n = -16 - u. Suppose -4*d + 259 = -4*b - 501, -5*b - 25 = n. Is d composite?
True
Let c = 641 - 1225. Let j = 1903 + c. Is j a prime number?
True
Let a be (116/(-4))/(0 + 1). Let z(r) = 2*r + 2. Let w be z(-10). Let d = w - a. Is d prime?
True
Let d(b) = -13130*b + 657. Is d(-4) a prime number?
False
Let k be (-8)/(-16) + (-12354)/4. Let x = k + 4343. Is x a prime number?
False
Let u(i) = -13*i**2 + 2*i + 29. Let m(o) = 4*o**2 - o - 10. Let b(r) = 7*m(r) + 2*u(r). Let n be b(-8). Suppose -34 = -3*g + n. Is g a prime number?
False
Suppose 2*g + 3*x = 2520, 0 = -2*g + 4*x + x + 2504. Is g prime?
False
Suppose 0 = -4*x - b + 85782, 18199 + 3251 = x - 2*b. Is x a prime number?
False
Suppose -2*c = 14*c - 188432. Is c prime?
True
Suppose -3*w = -5*w + 720. Let b = w + 81. Suppose -141 = -6*a + b. Is a a composite number?
False
Let i = 3706 - 1235. Is i a composite number?
True
Is 0 + 9681 + -2 + 4 a composite number?
True
Let r be -3*(-1 - (1 + -1)). Suppose -4*o - 13 = -r*c, -2 + 0 = -4*o - 2*c. Is (335/(-10))/(o/2) prime?
True
Is ((136332/(-35))/9)/(2/(-5)) prime?
False
Let z(b) = -14*b**3 - b**2 - 2*b + 4. Let x be z(-3). Let u = 190 - 346. Let o = u + x. Is o composite?
False
Let i = -1615 + 11976. Is i a composite number?
True
Let v = 134577 + -55630. Is v a composite number?
True
Suppose x - d = 945, -d = -x - 6*d + 933. Is x prime?
False
Suppose 4*g = 56 - 12. Let v(l) = 17*l + 16. Is v(g) prime?
False
Is 6/(-2)*(-82828)/12 prime?
True
Let d(h) = 150*h**2 - h - 38. Is d(-7) composite?
True
Let i(t) = t**3 - 5*t**2 + 4*t - 3. Let o be i(4). Let s(d) = -d**3 - 2*d**2 + 3*d + 3. Let f be s(o). Suppose -148 = -f*g + g. Is g prime?
False
Let m = -10 - 14. Let s = m + 151. Is s composite?
False
Suppose 3 = -8*s + 75. Let n = 424 - 292. Let u = s + n. Is u composite?
True
Suppose -t - 5*u + 94 = 0, -4*t - 4*u + 279 = -97. Let b = 173 - t. Is b composite?
False
Let x = 47 - 40. Suppose 2*o + x*o = 12249. Is o a prime number?
True
Let z(q) = -q**3 + 55*q**2 - 35*q + 107. Is z(30) a composite number?
False
Suppose 3*o + 14 = 2*c, c - o - 7 = o. Let q(h) = h**2 + h - 1. Is q(c) prime?
False
Let p(z) = z**3 - 10*z**2 + 11*z - 8. Let s be p(9). Suppose 0 = -s*o + 15*o - 30. Suppose -o*m - 140 + 638 = 0. Is m composite?
False
Let b = -26 - -44. Suppose 6 = 21*m - b*m. Suppose m*d = x + 991 - 89, 0 = -4*x. Is d prime?
False
Let s(m) = -4*m**3 + 10*m**2 + 4*m - 12. Let h be s(9). Let p = 1055 + h. Let c = p - -1476. Is c a composite number?
False
Suppose h + 5 - 2 = 0. Let a = h + 5. Suppose 95 =